 0. Determine a(-4).
49
Let p(y) = 7*y**2 - 29 - 51*y**3 + 27*y**3 + 4*y + 26 + 23*y**3. Suppose -k + 5 = -c - 3, -2*k + 9 = 5*c. Give p(k).
25
Let v(k) = 11*k**3 + 7*k**2 - 18*k - 40. Let f(w) = -4*w**3 - 2*w**2 + 6*w + 14. Let q(y) = 14*f(y) + 5*v(y). Determine q(5).
16
Let a(l) = -589 - 31*l - 615 - 634 + 1969. Give a(4).
7
Let r(h) = -175*h**2 + 35964 - 60*h - 36533 + 174*h**2. What is r(-48)?
7
Let p(j) = 7*j - 3 + 0*j - 1. Suppose 212 = 27*u + 189*u - 220. What is p(u)?
10
Let s(m) = -39*m - 162. Let u be s(-4). Let i(z) = -1 - 9*z + 9*z**2 + 2*z - 8*z**2 + 7. Let r(j) = -2*j**2 + 8*j - 5. Let f(y) = -3*i(y) - 2*r(y). Give f(u).
-2
Let n(q) = q**2 + 4*q + 6. Let r(p) = p**2 - 4*p - 4. Let g be r(5). Let s be ((-1596)/(-140))/(g/(-5)). Let x be 190/s + (-4)/6. Determine n(x).
6
Let u be 5 + 32/(-5) + 72/180. Let k(w) = -6*w + 5*w - 1 + 0*w**2 - w**2. Let d(c) = -5*c**2 - 2*c - 2. Let o(q) = -d(q) + 3*k(q). Give o(u).
2
Let b(v) = -4*v - 13. Suppose i + 482 = 480. Let t(x) = 3*x + 12. Let g(a) = i*b(a) - 3*t(a). Calculate g(-12).
2
Let s = -17 - -21. Suppose 16*r - 2 = 14*r. Let h(n) = 9 + 45*n - 2 - 47*n - r. Give h(s).
-2
Let f(u) = -u**3 - 12*u**2 + 26*u - 32. Let a be f(-14). Let o be 15/(a + 7) + -7. Let x(w) = -11*w - 2. Calculate x(o).
20
Suppose -68*o = 103 - 92 - 283. Let p(c) = -2*c**2 + c + 6. What is p(o)?
-22
Let s(x) be the first derivative of x**4/24 + 5*x**3/3 - x**2 + 1. Let y(t) be the second derivative of s(t). Let q be (42/30*40/24)/(2/(-6)). Give y(q).
3
Let s(g) = 3*g**3 - 38*g**2 + 27*g - 38. Let r be s(12). Let m(t) = -26*t + 4. Calculate m(r).
56
Let i(a) be the first derivative of -5*a + 0*a**2 - 5/3*a**3 - 27 + 1/4*a**4. Calculate i(5).
-5
Let c(o) be the first derivative of -o**6/360 - 3*o**5/40 - 26*o**3 - 27. Let y(m) be the third derivative of c(m). Determine y(-6).
18
Let p be (10/(-7))/(320/(-2688)). Let t(d) = 3*d - 39. Give t(p).
-3
Let l(i) = i**3 - 4*i**2 + 6. Let v(o) be the second derivative of -5*o**3/6 + 29*o**2/2 - 5*o - 1. Let d be v(5). Calculate l(d).
6
Let c(l) = l**2 + 4*l + 6. Suppose -12*y - 8 = -4*g - 17*y, 0 = 3*g + 4*y - 5. Suppose 15*b + g = -38. Calculate c(b).
3
Let t(g) be the second derivative of g**6/180 + g**5/15 - 35*g**4/4 + g**2/2 - 3*g + 2. Let m(d) be the third derivative of t(d). Give m(-6).
-16
Let k(a) = a**3 - 7*a**2 - 6*a - 2. Let i(d) = 4*d**3 + 2*d**2 - 6*d + 4. Let l be i(2). Suppose 0 = -8*r + 4*r + l. Determine k(r).
14
Let q(j) be the third derivative of j**5/60 - 7*j**4/24 - 7*j**3/6 + 80*j**2 - 3*j. Let t(h) = -h**2 - 4*h + 1. Let d be t(-5). Let y = 2 - d. Determine q(y).
-13
Let i(p) = -p**2 + 7*p - 5. Let s be i(5). Suppose 0 = -6*o + s*o - 31. Let d = 25 + o. Let r(f) = -f - 7. Give r(d).
-1
Suppose -9*d + 5*z - 6 = -11*d, 5*d = -3*z + 15. Suppose -4*x - d*x - 105 = 0. Let c(j) = -j**2 - 14*j + 8. Determine c(x).
-7
Let u(m) = -m**3 - 59*m**2 - 116*m - 98. Let w be u(-57). Let r(d) = d**3 - 15*d**2 - 19*d + 21. What is r(w)?
-27
Suppose -4*z + 22 = n + 8, 3*z - 6 = 0. Suppose 0*c - n*c - 42 = 0. Let o(u) = u**2 + 8*u + 5. Determine o(c).
-2
Let a(m) = 10 + 5*m**2 - 130 + m**3 + 4*m + 129. Calculate a(-4).
9
Suppose -334*b + 333*b + 89 = 0. Suppose 3*v = 7*v - 5*z - b, v - 23 = 2*z. Let s(q) = q**2 - 20*q - 17. Give s(v).
4
Let p be 6*(1 + 2/(-3)). Let q(y) = y + y**2 + p*y**2 - 489 + 491. Determine q(2).
16
Suppose -5*s + 2*f - 4*f = -56, 2*s + 3*f = 29. Suppose -186 = s*t - 116. Let b(y) = y + 4 + 0 - 2. Determine b(t).
-5
Suppose -5*g + 3 = -207. Suppose -6 - g = -8*s. Let o be (-2)/s*42*(-5)/(-10). Let n(p) = -p - 6. What is n(o)?
1
Let l(v) be the third derivative of -v**4/8 + 19*v**3/6 - 10*v**2 + 2. Let q be l(6). Let s(k) = -k**3 - k. What is s(q)?
-2
Suppose 0 = -4*r - 4*p + 20, -4*r - 5*p + 16 = -2*r. Suppose -5*w = 0, -4*d + w = 6*w - 48. Let a(x) = -x**3 - 4 + 2 + d*x - 14*x + 4*x**2 + 4. Give a(r).
5
Let h(x) = -x - 16. Let k(m) = -m**2 + 3*m + 18. Let a be k(8). Let u be h(a). Let z(n) = 3*n - 15. Give z(u).
3
Suppose -t = -2*k - 5, 2*t - 7 + 5 = 2*k. Let f(u) = u**3 + 3*u**2 - 2*u + 1. Calculate f(k).
-7
Let m(p) be the second derivative of p**4/12 + 7*p**3/6 + 7*p**2 + 6749*p. What is m(-4)?
2
Suppose 3*l + 23 - 2 = 0. Let r(g) = -5 + 48*g - 1 + 1 - 3 + 14*g - 64*g. What is r(l)?
6
Let p(b) be the third derivative of -b**4/3 - 5*b**3/2 + 11*b**2. Let j be p(-3). Let h(r) = -5*r - j + 12*r - 8*r. Determine h(-5).
-4
Let x(q) be the second derivative of -q**4/12 - 5*q**3/3 - 47*q**2/2 + 979*q - 6. Determine x(-8).
-31
Let n(i) = -i**2 + 8*i + 8. Suppose x + 3*x = 36. Let r be n(x). Let g(d) be the third derivative of -17*d**4/24 + d**3/6 - 5*d**2. Give g(r).
18
Suppose 12*t + 32 = 16*t. Let j(q) be the first derivative of -8/3*q**3 + 1/2*q**2 + 1/4*q**4 - 5*q - 2. Determine j(t).
3
Let t(a) be the second derivative of -4*a**3 + 60*a**2 - 2087*a. Give t(5).
0
Let n(p) = 13*p - p - p**3 - 8*p**2 - 2*p - p + 7. Calculate n(-8).
-65
Let u(x) = -x**3 + 12*x**2 - 10*x - 10. Suppose 0 = -q + 3*m - 1, 15 = -2*q - 4*m + 53. Let h be u(q). Let d(b) = -2*b**2 + b + b**2 - 2*b. Determine d(h).
-2
Let p(m) be the first derivative of -m**3/3 - 3*m**2 - 14*m + 7747. Determine p(-7).
-21
Let g(o) be the second derivative of o**4/12 - 4*o**3/3 - 13*o**2/2 + 12*o. Let b(a) = 2*a - 43. Let n = -129 + 155. Let m be b(n). Determine g(m).
-4
Suppose t + l = -2*t - 7, 0 = 2*t - l + 3. Let n be -4 - ((-3)/1 - -3). Let p = t + n. Let q(w) = -w**3 - 6*w**2 - 6. Calculate q(p).
-6
Suppose -46*v - 342 = 578. Let n(d) = -3*d - 46. Determine n(v).
14
Let v(m) = 2*m + 243299 - 13*m - m**2 - 243303. Suppose -13*x - 109 = 8. Determine v(x).
14
Let v(j) = -11*j - 494. Let f be v(-44). Let i(l) = -7 + 6 - 4 - 15 - 2*l. Calculate i(f).
0
Let t(w) = -8*w + 5. Let o(k) = -3*k - 35 + 36 - 2*k + 4*k. Let z(f) = f + 26. Let r be z(-32). Let j(u) = r*o(u) + t(u). Calculate j(2).
-5
Let c(s) = 6*s**3 - s**2 - s + 11. Let b(q) = -14 - 43201*q**2 + q + 43201*q**2 - 7*q**3. Let d(a) = -5*b(a) - 6*c(a). Give d(6).
10
Let y be (-5 + -2)/((4 - 14) + 11). Let h(l) = l**3 + 7*l**2 + 3*l + 6. Give h(y).
-15
Let r(p) = -p**2 - 2*p + 8. Suppose -9*j - 3 - 42 = 0. Let a be j*((-2)/(-3) - (-4)/12). What is r(a)?
-7
Let u(y) = 1895 - 3780 - 2*y + 7*y**2 + 1903 - y**3. Determine u(6).
42
Let u(y) be the first derivative of -y**4/4 - 10*y**3/3 - 9*y**2 - 13*y + 98. What is u(-8)?
3
Suppose -f + 18 = -155. Let q = -167 + f. Let d(p) = p**2 - 3*p. Give d(q).
18
Let m(p) = -p**3 - 22*p**2 - 15*p + 132. Suppose 2*u + 22 = -3*f - 11, 5*u = 12*f - 141. What is m(u)?
6
Let y be 3/(-2)*(160/(-12) - -8). Let h(m) = -m - y - 34 + 32. What is h(-9)?
-1
Let r(v) be the second derivative of -1/12*v**4 - 15/2*v**2 + 2*v**3 + 0 + 66*v. What is r(10)?
5
Let o be 5/(0 - 35/(-56)). Let r(c) = c**3 - 7*c**2 - 4*c - 1. What is r(o)?
31
Suppose 126*g - 7 = 131*g - 7. Let c(p) be the third derivative of 2/3*p**3 - 8*p**2 + 0*p + g + 1/12*p**4. Determine c(5).
14
Let o(b) = -b - 21. Let h = 928 - 837. Suppose 0 = -h*a + 86*a - 30. What is o(a)?
-15
Let s be 0 - 1 - 0 - 90/10. Let g(c) = -c**2 - 7*c + 3. Give g(s).
-27
Let m(c) = 55*c - 55*c + 2 - 5*c**2. Let g = -134 - -132. Give m(g).
-18
Let u(a) = 69*a**2 + 6*a - 66*a**2 - 4*a. Let l(v) = -15*v**2 - 5*v + 1. Let i(q) = -l(q) - 3*u(q). Let s be (2 - 0)/(-2)*1. Calculate i(s).
6
Let f(s) = 3*s**2 + 8*s - 1. Let z(v) = 8*v**2 - 27*v - 9. Let y(i) = -4*f(i) + z(i). Give y(-15).
-20
Let x(r) = 64*r**2 - 30*r - 88. Let w(a) = 205*a**2 - 91*a - 264. Let m(o) = -5*w(o) + 16*x(o). Give m(-21).
-4
Let h(i) be the third derivative of 0*i - 1/5*i**5 - 7/3*i**3 + 13*i**2 + 0 - 1/60*i**6 - 1/12*i**4. Let k be h(-6). Let w(p) = p**3 + 3*p**2 - 1. What is w(k)?
3
Let w(p) = -p + 13. Let s(t) = t**3 - 3*t**2 + 6*t - 27. Let i be s(4). Calculate w(i).
0
Let j(o) be the first derivative of -o**7/840 + 7*o**6/360 - o**5/12 + 3*o**4/8 + 16*o**3/3 + 16. Let t(d) be the third derivative of j(d). Calculate t(6).
-15
Let k be 50/6 - 34/(-51). Let b(u) = -28*u + 7. Let v(p) = -34*p + 9. Let j(t) = 6*b(t) - 5*v(t). Give j(k).
15
Let t(a) = -6*a**2 - a - 3. Let p(r) = -r**2 + 5*r + 1. Let v(y) = 3*p(y) - t(y). Calculate v(-4).
-10
Let u(q) = 4*q**2 - 2*q**2 - 3*q**2 + 5*q - 2. Suppose 375 = -4*p +